 3678 = -6*r + 7*r, 5*r = 10. Is q composite?
False
Is (2/8)/(5/118780) prime?
True
Let a(k) = k**3 - 5*k**2 - 2*k + 4. Let z be a(5). Let d be ((-212)/z)/(16/(-600)). Is 3/4 - d/20 a prime number?
True
Let n(a) = -95*a + 2. Suppose 0 = 3*t - 4*t - h - 7, -5*t = -3*h - 5. Let b be n(t). Suppose b = 4*x - 4*i, 0*i + 4*i = x - 33. Is x composite?
False
Suppose 2*n + 5*r = 3*n + 6, 4*r - 20 = -3*n. Suppose 11 = 3*k - n. Suppose -56 = -k*x + x. Is x a prime number?
False
Suppose 3*f + 2877 = 4*g, 2*f + 4790 = -3*f + 5*g. Let x = -452 - f. Is x composite?
False
Suppose -28*v - 100 = -24*v. Let j = 7 + -11. Let s = j - v. Is s a prime number?
False
Let y(u) = 36*u + 47. Suppose -2*z + 47 = -3*d, 5*z - 3*d = 2*d + 115. Is y(z) prime?
True
Suppose -5*t = -a - 3*a + 49, 25 = 5*a + t. Suppose a*l = 8*l. Is l - (1 - 231 - 3) prime?
True
Suppose 0 = -2*x - 10, -11*z + 2088 = -8*z + 3*x. Is z composite?
False
Let m = 26171 - 11584. Is m composite?
True
Let n = -42814 + 115121. Is n composite?
False
Let m be ((-2)/(-3))/(1/(-57)). Let y be (-1)/(3/873)*(-5)/15. Let g = y + m. Is g a prime number?
True
Let f(n) be the third derivative of 61*n**4/24 + n**2. Let r(q) = q**2 + 21*q + 45. Let v be r(-19). Is f(v) a composite number?
True
Let s(l) = -l**3 + l**2 + l + 1. Let m be s(0). Let x be m*-33*(-20)/(-6). Let j = -43 - x. Is j composite?
False
Suppose 0 = 3*v - 5*d - 355, -571 = -5*v - 0*d - 2*d. Let o = -94 + 90. Is (2 + o - -3)*v a composite number?
True
Suppose 115*a - 728695 = 104*a. Is a a prime number?
False
Suppose u = 5*u + 24. Let m(x) = 10*x**2 - 6*x + 5. Is m(u) prime?
True
Let y be 2 - 2*-3*1. Suppose y*q - 133 = q. Is q prime?
True
Suppose -3*v = -b - 37421, -37*v + 37429 = -34*v - 5*b. Is v a prime number?
True
Let v = -129 - -132. Suppose 0 = -v*i + 2*h + 43, 4*h + 3 = 7*h. Is i a prime number?
False
Let v = -879 - -1676. Is v composite?
False
Suppose -10*j - 16*j = -116038. Is j prime?
True
Suppose 0 = m - 2 - 1. Suppose m*d - 476 - 865 = 0. Is d a composite number?
True
Let s(y) = y**3 + 6*y**2 - 2*y - 8. Let r be s(-6). Suppose -r*i - 5*x = i - 60, 3*i - 4*x = 50. Is ((-5)/10)/((-1)/i) a prime number?
True
Let c(j) = 3*j**2 - 205 + 204 + 125*j**2. Suppose a - 3*a = -2. Is c(a) a composite number?
False
Suppose 28*j = 23*j. Suppose 2*m - 3*k - 269 = j, 2*m - 2*k + 0*k = 274. Let d = 359 - m. Is d a composite number?
True
Is ((-483)/63)/(2/(-12)) a prime number?
False
Let i(h) = h**3 + 3*h**2 - 5*h + 13. Let s be i(-14). Let n = -1166 - s. Is n composite?
False
Suppose 8*f = -38*f + 125212. Is f composite?
True
Let h(t) = t**2 + 22*t. Let o be h(-22). Suppose m = -o*m + 1537. Is m composite?
True
Suppose 6*w - 6 = 36. Is ((-5)/3)/(w/(-609)) prime?
False
Let u be 105/(-5)*(-7 - 2). Suppose 2*o - 2*p - u = o, 0 = -3*o - 5*p + 578. Is 1/((-572)/o + 3) a prime number?
True
Is 4/(-7) + (-8 - (-58333)/77) a composite number?
True
Let i = 114 - 925. Let x = i + 2568. Is x a prime number?
False
Suppose -2*h = -6 - 2. Suppose -h*k - a - 3 + 5 = 0, 10 = 3*k + 5*a. Suppose -4*m + 5*j + 1478 = 0, -4*m + k*m - 4*j + 1460 = 0. Is m a composite number?
False
Suppose -b = b. Let u be b + 3 + 236 + 0. Suppose -81 = -d + r, 4*d - r = d + u. Is d prime?
True
Let c be -2942*(1/((-4)/14) - -4). Let i = c - -5460. Is i composite?
False
Let y(s) = -7*s**3 + 3*s**2 + s. Let i be y(-2). Let t = 226 - i. Suppose -2*u + 3*h = 3*u - t, 2*u - 45 = 5*h. Is u prime?
False
Let d be (-1)/((-3471)/3468 - -1). Let b = d - 779. Is b composite?
True
Let d be (1 - 805/15)/((-4)/(-102)). Let w = d + 2016. Is w composite?
False
Suppose 5*a - 49 - 1 = 0. Let m = a - 6. Suppose -m*l + w + 1321 = 0, -3*l + l = -4*w - 650. Is l composite?
False
Let n(q) = 8*q**2 - 20*q - 161. Is n(-11) composite?
True
Let n = -630 - -2389. Is n a prime number?
True
Suppose -163*g + 6342 = -157*g. Is g composite?
True
Suppose -3*k - k = -h - 1, -4*k = -12. Let g(c) = 0 - h*c - 7 + 22*c + 15*c**2 - 12*c. Is g(-5) prime?
True
Suppose -8*c + 888 = -4*c. Let l = c + 223. Suppose -2*h + u + 178 = 6*u, 2*u - l = -5*h. Is h a prime number?
True
Suppose 2*p + 2*p = 32. Suppose p*o = 3*o - 2*s + 4365, -2*o = 2*s - 1752. Is o a composite number?
True
Is ((-590)/25)/(2/(-10)) + 1 a prime number?
False
Let s = 2331 + -1616. Suppose 0 = -n + s + 192. Is n a prime number?
True
Let i = -440 + 1128. Let g = i + 1533. Is g a prime number?
True
Let j = 31 - 33. Let y be -1 + (0 - j - 1). Let s(r) = -r + 289. Is s(y) composite?
True
Let h be (7/21)/(1/3). Suppose -2*v - h = -5. Is (2 + 141/6)*v a composite number?
True
Suppose 5*g = 2*g. Let a(t) = -5*t**3 + 2*t**2 - 10*t + 17. Let q be a(-7). Suppose -4*v + 4*f = -q + 472, g = -2*v - 5*f + 700. Is v prime?
False
Suppose -3*f + 3*x - 118 = -5848, f - 1911 = 2*x. Is f prime?
False
Suppose 4*g - 10 = -2*c, 1 = -5*g - 5*c + 6. Suppose 4 + 0 = g*m. Is (-46)/(-4)*(1 + m) a composite number?
False
Is 5/(-25) - (-121648)/40 prime?
True
Let j(m) = m**3 + 7*m**2 - 7*m - 5. Is j(-4) composite?
False
Let r(d) = 21*d**3 + d**2 - 1. Let k be r(1). Suppose h = 3*h + y - 11, -4*y - k = -5*h. Suppose h*w = 795 - 160. Is w composite?
False
Suppose 40981 = -8*k + 243693. Is k composite?
False
Let d = -51 - -57. Is ((-3)/d)/(((-15)/402)/5) a composite number?
False
Suppose c + 21 = -5*o, -2*c - 1 - 1 = 0. Let p = o + 9. Suppose 4*d + p*f = 1085, -5*f = -0*d + 2*d - 555. Is d prime?
False
Let h be (-5)/(-10)*-5 - 6/(-4). Is 2999*4/(-12)*h*3 a prime number?
True
Let p(r) = -r**3 + 7*r**2 + r - 1. Let x be p(4). Let t = x + -40. Is t a prime number?
True
Let l(j) = 2*j - 9. Suppose 9 = v - f, v + 2*v = -2*f + 12. Let k be l(v). Suppose -k*m + 238 = 1. Is m a composite number?
False
Is (5 - 6)/(-4 + 188124/47032) a prime number?
False
Suppose 9*r + 0*r - 3339 = 0. Is r a prime number?
False
Suppose 5*c - 6*c - 720 = 0. Let r be 0 + (-1)/(2/c). Is r/35 - (-6)/(-21) a prime number?
False
Let u(d) = 2*d**3 + 12*d**2 - 10*d + 14. Let r be u(10). Let q = r - 857. Is q a prime number?
False
Suppose -h + 6 = -3*q, 5*q + 19 = 4*h + 2. Is (q - (-26)/(-2))/(6/(-1569)) a composite number?
True
Is -5 - (-19832 + -9 + 5) composite?
True
Let p = 1166 - 604. Let a = p + -339. Is a composite?
False
Let b = -152285 - -272656. Is b a prime number?
True
Suppose 9*p - 28 = 5*p. Suppose 2569 = p*i - 1218. Is i a prime number?
True
Let m = -9841 + -1751. Is (-3)/15 - m/35 prime?
True
Let y(c) = 88*c + 3. Let x = 21 - 16. Is y(x) composite?
False
Suppose -y - 16042 = -5*g, g + 5*y - 3203 = 7*y. Is g prime?
True
Suppose 2*w - 4 = 6. Suppose 26 = 3*k + w. Is k a composite number?
False
Suppose -14368 = -10*r - 5838. Is r a prime number?
True
Let u(n) be the third derivative of n**5/30 - 5*n**4/24 + 5*n**3/6 + 3*n**2. Let y be u(2). Suppose 0 = -y*m - 0*m + 381. Is m prime?
True
Suppose -u + 364 - 78 = 5*d, 0 = 2*u - 3*d - 637. Is u composite?
False
Let g = 827 - 174. Is g composite?
False
Let r = -6 - -9. Let o(p) be the second derivative of 29*p**4/4 + p**3/6 + p**2/2 + 13*p + 3. Is o(r) prime?
True
Suppose -h - 3*u + 2869 = 0, 15*h - 3*u = 18*h - 8607. Is h a composite number?
True
Suppose q + q - 3*n - 35 = 0, -n + 55 = 2*q. Is q a prime number?
False
Suppose 0 = -0*h + 5*h + 5*d + 5, -d - 5 = 0. Suppose 0 = -5*t - 3*g + 5832, -3*t - h*g + 3496 = g. Is t a composite number?
True
Let z be (-100)/(-4)*2/2. Suppose 5*u + 0*l - z = 5*l, -2*u + 4*l = -12. Suppose -5 = -g, 7*n = 2*n - u*g + 285. Is n a composite number?
False
Let s be 302/12 + 1/(-6). Suppose 2*l + 1 + s = 0. Is -4*l/2 + -1 a prime number?
False
Let d be (6 - 9)/((-1)/(-47)). Let k = 208 + d. Let v = k - -96. Is v composite?
False
Let j be (-1)/(-2) + (-2)/(-4). Suppose -o = -j - 3. Suppose -o*z + 1287 = -925. Is z prime?
False
Let g(x) = 2*x**3 - 14*x**2 + 8*x - 15. Let d(b) = b**3 - b**2 - b. Let f(m) = -3*d(m) + g(m). Let v be f(-12). Is 3836/35 - v/(-5) composite?
False
Let k(r) = -r**3 - 18*r**2 - 21*r - 3. Let j be k(-17). Suppose j + 30 = 5*a. Is a a prime number?
True
Let k(l) = 6*l + 8. Let m(j) = j. Let f(a) = k(a) - 2*m(a). Let r be f(-4). Is (-2)/r - (-283)/4 a composite number?
False
Let i(p) be the third derivative of 23/12*p**4 + 0*p - 7/6*p**3 + 5*p**2 + 0. Is i(5) a prime number?
True
Let a be 0/(1/(-2)*-4). Let y(t) = -4*t**2 + 7*